-u**2/2 - 6*u + 3. Let a be s(-8). What are the prime factors of (a - 0)/(2/7)?
7
Let c = 51 + -7. What are the prime factors of c?
2, 11
Let y be -3 + 1*(3 + 8). Let u(n) = -n**2 + 8*n + 4. List the prime factors of u(y).
2
Let k = -41 + 67. Suppose 2*n - k = -2*h + 6*n, -n - 110 = -5*h. List the prime factors of h.
23
Suppose -y + 0*y - 291 = -5*b, 2*b = -y + 115. What are the prime factors of b?
2, 29
Let m(n) = 20*n + 24*n - 43*n + 2. Let p = 5 - -2. List the prime factors of m(p).
3
Let j(d) = -2*d - 3. Let n be j(-4). Let y(h) = 7 + 4*h + 2*h - n*h. What are the prime factors of y(5)?
2, 3
Let q be (33/(-9))/(3/(-27)). Let h = q + -11. List the prime factors of h.
2, 11
Suppose 6*i = 3*i + 132. Suppose -i = -3*n - n. What are the prime factors of n?
11
Let p(t) = t**3 + 5*t**2 - 2*t - 5. Let k be p(-5). Suppose -2*x = -x + 1, 0 = -5*w - 5*x + k. List the prime factors of w.
2
Let o(l) = l**3 - 4*l**2 + 2. Let j be o(4). Suppose j*y = 49 + 3. What are the prime factors of y?
2, 13
Suppose 31*v - 116 = 30*v. List the prime factors of v.
2, 29
Let u be 5/3 + 10/30. Suppose 2*c = u*t + 20, 3*t = -t - 3*c - 68. List the prime factors of (0 + t)*(0 + -1).
2, 7
Let t(q) be the second derivative of q**4/12 + 11*q**3/6 + 11*q**2/2 - 2*q. What are the prime factors of t(-11)?
11
Let q = -360 - -661. List the prime factors of q.
7, 43
Let k be (-4)/(-6)*1*12. Let l(w) be the third derivative of w**4/8 - w**3 + 30*w**2. List the prime factors of l(k).
2, 3
Let a(k) = k**2 + 4*k + 4. Let f(j) = -j**3 + 4*j**2 + 4*j. Let c be f(5). Let g be a(c). Suppose 4*t + g = 25. What are the prime factors of t?
2
Suppose 4*g + g = 105. What are the prime factors of (-2)/7 + 489/g?
23
Suppose 2*v + 7 + 19 = 0. Let q be -4 + 3 + -1 - -1. What are the prime factors of -1 - v - (-2 - q)?
13
Suppose 5*b + 29 = 4*l, l = b + 12 - 5. Let c(n) = -3*n - 10. Let h be c(-4). Suppose 3*z = h*k - 21, -l*k + 3*z = -2*k - 27. List the prime factors of k.
3
Suppose 7*n - 875 = 2*n. What are the prime factors of n?
5, 7
Let i = -18 + 12. What are the prime factors of (-2 + 0)/(4/i)?
3
Suppose 4*x = 160 - 48. Suppose u + 0*c + 3*c - 12 = 0, 3*u + 5*c = x. What are the prime factors of u?
2, 3
What are the prime factors of -4*(-4)/(16/34)?
2, 17
Suppose 32 = y + 5*i, -3*y - 3*i + 24 = -2*y. What are the prime factors of y?
2, 3
Let s(f) = f**3 - f**2 + f. List the prime factors of s(2).
2, 3
List the prime factors of (80/14)/(-3 + 46/14).
2, 5
Suppose -4*h - 3*z = -32, 2*h + 3*z - 17 = -1. Suppose -h*j + 9*j - 10 = 0. List the prime factors of j.
2, 5
Suppose -4*l + 1180 = l - s, -4*l = s - 935. What are the prime factors of l?
5, 47
Let i(q) = q + 3. Let p be i(4). Suppose 2*o - p*o = 0. Suppose 3*r + r - 48 = o. What are the prime factors of r?
2, 3
Suppose 2*j - 111 = -b, -5*j = -2*j - 3*b - 180. What are the prime factors of j?
3, 19
Let f(q) = q**2 + 5*q - 2. Let x be f(-9). Suppose 2*v - 4*v + x = 0. List the prime factors of v.
17
Suppose -73 = -4*f + 119. What are the prime factors of f?
2, 3
Suppose 0 = 3*u - 6, 2*h - u - 4 = 3*h. Let s be (3 + -1 + -3)*h. Suppose -3*k + 9 = -s. What are the prime factors of k?
5
Let q(n) = n**3 + 2*n - 1. Let m be q(1). Let u be (-1 + 0 - 10) + m. Let w = u + 19. What are the prime factors of w?
2, 5
Let x = 294 + -204. List the prime factors of x.
2, 3, 5
Suppose h - 2 = 2. Let i be 30 + -2*2/h. Suppose -3*m - 8 = -i. List the prime factors of m.
7
Suppose 0 = -4*d - 2 + 10. Suppose -10 = -d*p, -2*p + 30 = -4*s - 32. Let x = 32 + s. What are the prime factors of x?
19
Suppose 2*b = -0 + 2. What are the prime factors of (3 - b)*235/10?
47
Suppose 0*x - 20 = 4*x. Let t = x + 13. List the prime factors of t.
2
Let p = 18 - 26. Let h = p + -2. Let u(i) = -i + 1. What are the prime factors of u(h)?
11
Let u(t) = t**3 - 9*t**2 + 12*t - 7. List the prime factors of u(9).
101
Let a = 2 - 4. List the prime factors of (4/1)/((-1)/a).
2
Suppose -c = -d - 2*c + 6, 3*d + 4*c - 19 = 0. Suppose -2*s = -2*t - 2, -d*s + 0 = -4*t - 6. What are the prime factors of ((-1)/s)/((-2)/36)?
3
Suppose -30 = -3*h + 2*y + 43, -y + 26 = h. What are the prime factors of h?
5
Suppose -5*v + 3 + 17 = 0. Suppose 2 = -j + 2*j. Suppose 3*s = 3*n - j*s - 16, -v*n + 32 = 4*s. List the prime factors of n.
7
List the prime factors of 2/(-6) + 190/3.
3, 7
Let o = 0 + 3. What are the prime factors of 32/6*o/2?
2
Let s(z) = z**3 - 9*z**2 + 7*z - 6. Let b be s(8). Let x = -8 - b. What are the prime factors of x?
2, 3
Let r be 16/(-4) + 8 + 4. Let f(c) = c**2 - 4*c - 1. Let n be f(5). Let u = n + r. List the prime factors of u.
2, 3
Suppose -85 = 2*v - 247. List the prime factors of v.
3
Suppose 2*n + 30 = 4*k, k - 2*k + 30 = -2*n. Let u be 50/n*(8 - -1). Let d = 48 + u. List the prime factors of d.
2, 3
Suppose 0*d = 3*d - 90. List the prime factors of d.
2, 3, 5
Let u be (-18)/27 - (-8)/3. Suppose 5*d - 123 = u. What are the prime factors of d?
5
Let d(i) = 2*i + i**2 - 12*i - 2 + 4*i. Let y be d(4). Let v(w) = -w**2 - 12*w - 7. What are the prime factors of v(y)?
13
Suppose -3*j - 19 - 5 = 0. Let y = 6 - j. List the prime factors of y.
2, 7
Suppose 3*c + 6 = -g + 2*g, -4*g + 4 = -2*c. Suppose -115 = -5*a + 2*v, 92 = 4*a - g*v - 4*v. List the prime factors of a.
23
List the prime factors of -1 - (-4)/8*38.
2, 3
Let t(q) be the first derivative of -q**4/4 + 8*q**3/3 - 7*q**2/2 + 2*q + 1. Let y = -11 - -18. What are the prime factors of t(y)?
2
Let v(g) = -g**2 - 5*g - 3. Suppose -4 = -2*x - 14. Let p be v(x). Let s = 0 - p. What are the prime factors of s?
3
Suppose 62 - 14 = 4*u. What are the prime factors of u?
2, 3
Let p be (-3 - (-1 - 4)) + 2. Suppose -3*v = -2*z - 35, p*z + 25 = 2*v + v. Let i = 27 - v. What are the prime factors of i?
2, 3
Let b(l) = -2*l**2 + 7*l - 5*l**2 - 3 + 0*l**3 + l**3. Let f = -7 + 13. What are the prime factors of b(f)?
3
Let g = 62 + -36. What are the prime factors of g?
2, 13
Let p(t) = -4*t - 1. Let u be 3 + -1 - (0 - -4). Let d = -3 - u. What are the prime factors of p(d)?
3
Suppose -9 = -3*w + 258. List the prime factors of w.
89
Let z = -27 + 67. What are the prime factors of z?
2, 5
Let l be -2 - 4/(-2) - -4. Let n be l/((-12)/(-9)) - -2. Suppose n*y + 5*u + 47 - 147 = 0, y - 5*u = -4. List the prime factors of y.
2
Let i(j) = j**3 + 2*j**2 + 3*j. Let b be i(-2). Let o be 4/(-12) - 26/b. Suppose -3*v - 4*q = -2 - 6, 0 = 4*v - o*q - 20. What are the prime factors of v?
2
Let q be 1 - -2 - (-2 + 2). Let l be 2 - (-3 - (-1 + 1)). Suppose -z + 9 = 3*u + 3*z, q*u - l*z = 36. What are the prime factors of u?
7
Suppose -2*g = -5 - 3, 0 = -3*q + 5*g + 256. What are the prime factors of q?
2, 23
Let z = -14 + 4. Let m = z - -17. List the prime factors of m.
7
Suppose -3*j + 265 - 19 = 0. What are the prime factors of j?
2, 41
Let r be (-525)/6 - (-2)/4. Let p = -56 - r. List the prime factors of p.
31
Suppose 0 = -3*h - 152 + 1244. List the prime factors of h.
2, 7, 13
Let z be 0 + 1 + (-6 - -4). Let x be 5 + (z + -1 - -1). Suppose -x*o - o + 20 = 0. What are the prime factors of o?
2
What are the prime factors of 3 + (0/(-2) - 6) + 56?
53
Let i = -48 - -80. What are the prime factors of i?
2
Let a(h) be the second derivative of -h**3/6 - h**2/2 - h. Let u = 12 + -18. List the prime factors of a(u).
5
Suppose 2*s - s = 10. Suppose s = 2*i - 4. List the prime factors of i.
7
Let v(a) = a**3 - 7*a**2 + 9*a - 1. Let x be v(6). Let h = 12 - 10. Suppose -2*k = -f - x, 0 = -h*k - 0*f + 5*f + 37. List the prime factors of k.
2, 3
Let n be (-9312)/(-36) + 8/6. Suppose 4*l + 32 = n. List the prime factors of l.
3, 19
Let k(a) = -a**3 - 15*a**2 + 16*a + 8. What are the prime factors of k(-16)?
2
Suppose -5*h + 11 = -3*v, -v + 0*v - 5 = -2*h. List the prime factors of v*(-4)/(-6) + 2.
2
Suppose 0 = -5*b + 2*j + 84, -2*b = -0*b - 2*j - 36. Let g be (-1)/(-2) - 2/4. Suppose 0 = -g*p - p + b. What are the prime factors of p?
2
Suppose -2*y - 24 = 4*n, -4*y + 2*n - 12 = n. Let c be (-2)/(-4) + (-54)/y. Suppose -c = -3*f + 31. List the prime factors of f.
3, 5
What are the prime factors of (-1)/(-4) + 5 + (-3935)/(-20)?
2, 101
Suppose 0 = 3*a - 2*k + 4*k + 2, 2*k - 4 = 0. Let f = -2 - a. Suppose j = 7 - f. List the prime factors of j.
7
Suppose 12*w - 289 = 313